{"id":51,"date":"2020-05-14T00:09:12","date_gmt":"2020-05-13T22:09:12","guid":{"rendered":"http:\/\/gwendolineh.com\/?page_id=51"},"modified":"2021-04-04T14:53:09","modified_gmt":"2021-04-04T12:53:09","slug":"tarifs","status":"publish","type":"page","link":"https:\/\/gwendolineh.com\/index.php\/tarifs\/","title":{"rendered":"Tarifs"},"content":{"rendered":"\t\t<div data-elementor-type=\"wp-page\" data-elementor-id=\"51\" class=\"elementor elementor-51\">\n\t\t\t\t\t\t<section class=\"elementor-section elementor-top-section elementor-element elementor-element-a629f40 elementor-section-boxed elementor-section-height-default elementor-section-height-default\" data-id=\"a629f40\" data-element_type=\"section\" data-e-type=\"section\">\n\t\t\t\t\t\t<div class=\"elementor-container elementor-column-gap-default\">\n\t\t\t\t\t<div class=\"elementor-column elementor-col-50 elementor-top-column elementor-element elementor-element-e8e20bc\" data-id=\"e8e20bc\" data-element_type=\"column\" data-e-type=\"column\">\n\t\t\t<div class=\"elementor-widget-wrap elementor-element-populated\">\n\t\t\t\t\t\t<div class=\"elementor-element elementor-element-3028006 elementor-widget elementor-widget-image\" data-id=\"3028006\" data-element_type=\"widget\" data-e-type=\"widget\" data-widget_type=\"image.default\">\n\t\t\t\t<div class=\"elementor-widget-container\">\n\t\t\t\t\t\t\t\t\t\t\t\t\t\t\t<img fetchpriority=\"high\" decoding=\"async\" width=\"800\" height=\"800\" src=\"https:\/\/gwendolineh.com\/wp-content\/uploads\/2020\/05\/IMG_5270-Modifier.jpg\" class=\"attachment-large size-large wp-image-18\" alt=\"\" srcset=\"https:\/\/gwendolineh.com\/wp-content\/uploads\/2020\/05\/IMG_5270-Modifier.jpg 800w, https:\/\/gwendolineh.com\/wp-content\/uploads\/2020\/05\/IMG_5270-Modifier-300x300.jpg 300w, https:\/\/gwendolineh.com\/wp-content\/uploads\/2020\/05\/IMG_5270-Modifier-150x150.jpg 150w, https:\/\/gwendolineh.com\/wp-content\/uploads\/2020\/05\/IMG_5270-Modifier-768x768.jpg 768w\" sizes=\"(max-width: 800px) 100vw, 800px\" \/>\t\t\t\t\t\t\t\t\t\t\t\t\t\t\t<\/div>\n\t\t\t\t<\/div>\n\t\t\t\t\t<\/div>\n\t\t<\/div>\n\t\t\t\t<div class=\"elementor-column elementor-col-50 elementor-top-column elementor-element elementor-element-3f454a9\" data-id=\"3f454a9\" data-element_type=\"column\" data-e-type=\"column\">\n\t\t\t<div class=\"elementor-widget-wrap elementor-element-populated\">\n\t\t\t\t\t\t<div class=\"elementor-element elementor-element-f6f0af1 elementor-widget elementor-widget-text-editor\" data-id=\"f6f0af1\" data-element_type=\"widget\" data-e-type=\"widget\" data-widget_type=\"text-editor.default\">\n\t\t\t\t<div class=\"elementor-widget-container\">\n\t\t\t\t\t\t\t\t\t<h4><strong><span style=\"text-decoration: underline;\"><em>S\u00e9ance<\/em><em> nourrisson<\/em><\/span><\/strong><\/h4><p>Je ne photographie pas en maternit\u00e9. Je pr\u00e9f\u00e8re attendre 2 semaines vois 1 mois apr\u00e8s le retour \u00e0 la maison.<\/p><p>Je ne demande pas \u00e0 ce que l&rsquo;enfant ne mange pas 3 heures avant &#8230; que la temp\u00e9rature soit de 25 degr\u00e9s&#8230;. Je trouve que c&rsquo;est de la torture pour les b\u00e9b\u00e9s &#8230; mais je ne fais pas non plus de photos de b\u00e9b\u00e9s en tutu ou avec des bonnets &#8230;.<\/p><p>Je m&rsquo;adapte au b\u00e9b\u00e9 et je prends mon temps. Je peux me d\u00e9placer chez vous, ou vous pouvez venir chez moi comme vous le pr\u00e9f\u00e9rez. La s\u00e9ance en elle m\u00eame est courte (2 fois 10min max) mais le temps sur place peut \u00eatre beaucoup plus long&#8230;<\/p><p>Le forfait est de 150 euros pour entre 15 et 20 photos. Elles seront toutes fournies en hautes et basses d\u00e9finitions. il y a toujours une version couleurs et une version noir et blanc de chaque photo.<\/p>\t\t\t\t\t\t\t\t<\/div>\n\t\t\t\t<\/div>\n\t\t\t\t\t<\/div>\n\t\t<\/div>\n\t\t\t\t\t<\/div>\n\t\t<\/section>\n\t\t\t\t<section class=\"elementor-section elementor-top-section elementor-element elementor-element-3e73349 elementor-section-boxed elementor-section-height-default elementor-section-height-default\" data-id=\"3e73349\" data-element_type=\"section\" data-e-type=\"section\">\n\t\t\t\t\t\t<div class=\"elementor-container elementor-column-gap-default\">\n\t\t\t\t\t<div class=\"elementor-column elementor-col-50 elementor-top-column elementor-element elementor-element-8282aaf\" data-id=\"8282aaf\" data-element_type=\"column\" data-e-type=\"column\">\n\t\t\t<div class=\"elementor-widget-wrap elementor-element-populated\">\n\t\t\t\t\t\t<div class=\"elementor-element elementor-element-d7ef4a4 elementor-widget elementor-widget-text-editor\" data-id=\"d7ef4a4\" data-element_type=\"widget\" data-e-type=\"widget\" data-widget_type=\"text-editor.default\">\n\t\t\t\t<div class=\"elementor-widget-container\">\n\t\t\t\t\t\t\t\t\t<h4><span style=\"text-decoration: underline;\"><em><strong>S\u00e9ance grossesse<\/strong><\/em><\/span><\/h4><p>S\u00e9ance en\u00a0int\u00e9rieur\u00a0ou en\u00a0ext\u00e9rieur.<\/p><p>Pr\u00e9voir\u00a0une bonne heure pour avoir le temps de faire des pauses pour le dos de future maman &#8230;<\/p><p>On peut rajouter les autres enfants ou le futur papa \u00e0 la s\u00e9ance sans probl\u00e8me.<\/p><p>Les forfaits sont<\/p><ul><li>150 euros pour environ 15 photos.<\/li><li>200 euros pour environ 30 photos.<\/li><\/ul><p>Elles seront toutes fournies en hautes et basses d\u00e9finitions. il y a toujours une version couleurs et une version noir et blanc pour chaque photo.<\/p>\t\t\t\t\t\t\t\t<\/div>\n\t\t\t\t<\/div>\n\t\t\t\t\t<\/div>\n\t\t<\/div>\n\t\t\t\t<div class=\"elementor-column elementor-col-50 elementor-top-column elementor-element elementor-element-c00eb18\" data-id=\"c00eb18\" data-element_type=\"column\" data-e-type=\"column\">\n\t\t\t<div class=\"elementor-widget-wrap elementor-element-populated\">\n\t\t\t\t\t\t<div class=\"elementor-element elementor-element-307a634 elementor-widget elementor-widget-image\" data-id=\"307a634\" data-element_type=\"widget\" data-e-type=\"widget\" data-widget_type=\"image.default\">\n\t\t\t\t<div class=\"elementor-widget-container\">\n\t\t\t\t\t\t\t\t\t\t\t\t\t\t\t<img decoding=\"async\" width=\"534\" height=\"800\" src=\"https:\/\/gwendolineh.com\/wp-content\/uploads\/2020\/05\/IMG_5665-Modifier-1.jpg\" class=\"attachment-large size-large wp-image-22\" alt=\"\" srcset=\"https:\/\/gwendolineh.com\/wp-content\/uploads\/2020\/05\/IMG_5665-Modifier-1.jpg 534w, https:\/\/gwendolineh.com\/wp-content\/uploads\/2020\/05\/IMG_5665-Modifier-1-200x300.jpg 200w\" sizes=\"(max-width: 534px) 100vw, 534px\" \/>\t\t\t\t\t\t\t\t\t\t\t\t\t\t\t<\/div>\n\t\t\t\t<\/div>\n\t\t\t\t\t<\/div>\n\t\t<\/div>\n\t\t\t\t\t<\/div>\n\t\t<\/section>\n\t\t\t\t<section class=\"elementor-section elementor-top-section elementor-element elementor-element-0d94ce8 elementor-section-boxed elementor-section-height-default elementor-section-height-default\" data-id=\"0d94ce8\" data-element_type=\"section\" data-e-type=\"section\">\n\t\t\t\t\t\t<div class=\"elementor-container elementor-column-gap-default\">\n\t\t\t\t\t<div class=\"elementor-column elementor-col-50 elementor-top-column elementor-element elementor-element-c3c7940\" data-id=\"c3c7940\" data-element_type=\"column\" data-e-type=\"column\">\n\t\t\t<div class=\"elementor-widget-wrap elementor-element-populated\">\n\t\t\t\t\t\t<div class=\"elementor-element elementor-element-2bb010e elementor-widget elementor-widget-image\" data-id=\"2bb010e\" data-element_type=\"widget\" data-e-type=\"widget\" data-widget_type=\"image.default\">\n\t\t\t\t<div class=\"elementor-widget-container\">\n\t\t\t\t\t\t\t\t\t\t\t\t\t\t\t<img decoding=\"async\" width=\"800\" height=\"534\" src=\"https:\/\/gwendolineh.com\/wp-content\/uploads\/2020\/05\/IMG_7231-Modifier.jpg\" class=\"attachment-large size-large wp-image-20\" alt=\"\" srcset=\"https:\/\/gwendolineh.com\/wp-content\/uploads\/2020\/05\/IMG_7231-Modifier.jpg 800w, https:\/\/gwendolineh.com\/wp-content\/uploads\/2020\/05\/IMG_7231-Modifier-300x200.jpg 300w, https:\/\/gwendolineh.com\/wp-content\/uploads\/2020\/05\/IMG_7231-Modifier-768x513.jpg 768w\" sizes=\"(max-width: 800px) 100vw, 800px\" \/>\t\t\t\t\t\t\t\t\t\t\t\t\t\t\t<\/div>\n\t\t\t\t<\/div>\n\t\t\t\t\t<\/div>\n\t\t<\/div>\n\t\t\t\t<div class=\"elementor-column elementor-col-50 elementor-top-column elementor-element elementor-element-75eb766\" data-id=\"75eb766\" data-element_type=\"column\" data-e-type=\"column\">\n\t\t\t<div class=\"elementor-widget-wrap elementor-element-populated\">\n\t\t\t\t\t\t<div class=\"elementor-element elementor-element-34f1a94 elementor-widget elementor-widget-text-editor\" data-id=\"34f1a94\" data-element_type=\"widget\" data-e-type=\"widget\" data-widget_type=\"text-editor.default\">\n\t\t\t\t<div class=\"elementor-widget-container\">\n\t\t\t\t\t\t\t\t\t<h4><span style=\"text-decoration: underline;\"><em><strong>S\u00e9ance couple<\/strong><\/em><\/span>\u00a0<\/h4><p>S\u00e9ance en\u00a0int\u00e9rieur\u00a0ou en\u00a0ext\u00e9rieur.<\/p><p>Pr\u00e9voir\u00a0une bonne heure le temps que tout le monde soit \u00e0 l&rsquo;aise!<\/p><p>Les forfaits sont<\/p><ul><li>150 euros pour environ 10 photos.<\/li><li>200 euros pour environ 20 photos.<\/li><\/ul><p>Elles seront toutes fournies en hautes et basses d\u00e9finitions. il y a toujours une version couleurs et une version noir et blanc pour chaque photo.<\/p>\t\t\t\t\t\t\t\t<\/div>\n\t\t\t\t<\/div>\n\t\t\t\t\t<\/div>\n\t\t<\/div>\n\t\t\t\t\t<\/div>\n\t\t<\/section>\n\t\t\t\t<section class=\"elementor-section elementor-top-section elementor-element elementor-element-adae4e7 elementor-section-boxed elementor-section-height-default elementor-section-height-default\" data-id=\"adae4e7\" data-element_type=\"section\" data-e-type=\"section\">\n\t\t\t\t\t\t<div class=\"elementor-container elementor-column-gap-default\">\n\t\t\t\t\t<div class=\"elementor-column elementor-col-50 elementor-top-column elementor-element elementor-element-0211a82\" data-id=\"0211a82\" data-element_type=\"column\" data-e-type=\"column\">\n\t\t\t<div class=\"elementor-widget-wrap elementor-element-populated\">\n\t\t\t\t\t\t<div class=\"elementor-element elementor-element-eec76c7 elementor-widget elementor-widget-text-editor\" data-id=\"eec76c7\" data-element_type=\"widget\" data-e-type=\"widget\" data-widget_type=\"text-editor.default\">\n\t\t\t\t<div class=\"elementor-widget-container\">\n\t\t\t\t\t\t\t\t\t<h4><span style=\"text-decoration: underline;\"><em><strong>S\u00e9ance portraits<\/strong><\/em><\/span><\/h4><p>S\u00e9ance en\u00a0int\u00e9rieur\u00a0ou en\u00a0ext\u00e9rieur.<\/p><p>La s\u00e9ance durera environ une heure, mais pr\u00e9voir 2 heures si besoin du maquillage.<\/p><p>Les forfaits sont:\u00a0<\/p><ul><li>150 euros pour environ 15 photos.<\/li><li>200 euros pour environ 30 photos.<\/li><\/ul><p>Elles seront toutes fournies en hautes et basses d\u00e9finitions. il y a toujours une version couleurs et une version noir et blanc pour chaque photo.<\/p>\t\t\t\t\t\t\t\t<\/div>\n\t\t\t\t<\/div>\n\t\t\t\t\t<\/div>\n\t\t<\/div>\n\t\t\t\t<div class=\"elementor-column elementor-col-50 elementor-top-column elementor-element elementor-element-965a12d\" data-id=\"965a12d\" data-element_type=\"column\" data-e-type=\"column\">\n\t\t\t<div class=\"elementor-widget-wrap elementor-element-populated\">\n\t\t\t\t\t\t<div class=\"elementor-element elementor-element-28b7b5d elementor-widget elementor-widget-image\" data-id=\"28b7b5d\" data-element_type=\"widget\" data-e-type=\"widget\" data-widget_type=\"image.default\">\n\t\t\t\t<div class=\"elementor-widget-container\">\n\t\t\t\t\t\t\t\t\t\t\t\t\t\t\t<img loading=\"lazy\" decoding=\"async\" width=\"900\" height=\"600\" src=\"https:\/\/gwendolineh.com\/wp-content\/uploads\/2020\/05\/IMG_3393-Modifier-1.jpg\" class=\"attachment-large size-large wp-image-44\" alt=\"\" srcset=\"https:\/\/gwendolineh.com\/wp-content\/uploads\/2020\/05\/IMG_3393-Modifier-1.jpg 1000w, https:\/\/gwendolineh.com\/wp-content\/uploads\/2020\/05\/IMG_3393-Modifier-1-300x200.jpg 300w, https:\/\/gwendolineh.com\/wp-content\/uploads\/2020\/05\/IMG_3393-Modifier-1-768x512.jpg 768w\" sizes=\"(max-width: 900px) 100vw, 900px\" \/>\t\t\t\t\t\t\t\t\t\t\t\t\t\t\t<\/div>\n\t\t\t\t<\/div>\n\t\t\t\t\t<\/div>\n\t\t<\/div>\n\t\t\t\t\t<\/div>\n\t\t<\/section>\n\t\t\t\t<section class=\"elementor-section elementor-top-section elementor-element elementor-element-bdd3ff1 elementor-section-boxed elementor-section-height-default elementor-section-height-default\" data-id=\"bdd3ff1\" data-element_type=\"section\" data-e-type=\"section\">\n\t\t\t\t\t\t<div class=\"elementor-container elementor-column-gap-default\">\n\t\t\t\t\t<div class=\"elementor-column elementor-col-50 elementor-top-column elementor-element elementor-element-aeafed8\" data-id=\"aeafed8\" data-element_type=\"column\" data-e-type=\"column\">\n\t\t\t<div class=\"elementor-widget-wrap elementor-element-populated\">\n\t\t\t\t\t\t<div class=\"elementor-element elementor-element-094b614 elementor-widget elementor-widget-image\" data-id=\"094b614\" data-element_type=\"widget\" data-e-type=\"widget\" data-widget_type=\"image.default\">\n\t\t\t\t<div class=\"elementor-widget-container\">\n\t\t\t\t\t\t\t\t\t\t\t\t\t\t\t<img loading=\"lazy\" decoding=\"async\" width=\"667\" height=\"1000\" src=\"https:\/\/gwendolineh.com\/wp-content\/uploads\/2021\/04\/IMG_3151-Modifier.jpg\" class=\"attachment-large size-large wp-image-175\" alt=\"\" srcset=\"https:\/\/gwendolineh.com\/wp-content\/uploads\/2021\/04\/IMG_3151-Modifier.jpg 667w, https:\/\/gwendolineh.com\/wp-content\/uploads\/2021\/04\/IMG_3151-Modifier-200x300.jpg 200w\" sizes=\"(max-width: 667px) 100vw, 667px\" \/>\t\t\t\t\t\t\t\t\t\t\t\t\t\t\t<\/div>\n\t\t\t\t<\/div>\n\t\t\t\t\t<\/div>\n\t\t<\/div>\n\t\t\t\t<div class=\"elementor-column elementor-col-50 elementor-top-column elementor-element elementor-element-fc433d8\" data-id=\"fc433d8\" data-element_type=\"column\" data-e-type=\"column\">\n\t\t\t<div class=\"elementor-widget-wrap elementor-element-populated\">\n\t\t\t\t\t\t<div class=\"elementor-element elementor-element-485be5c elementor-widget elementor-widget-text-editor\" data-id=\"485be5c\" data-element_type=\"widget\" data-e-type=\"widget\" data-widget_type=\"text-editor.default\">\n\t\t\t\t<div class=\"elementor-widget-container\">\n\t\t\t\t\t\t\t\t\t<h4><span style=\"text-decoration: underline;\"><em><strong>S\u00e9ance Lingerie\/Nu<\/strong><\/em><\/span>\u00a0<\/h4><p>S\u00e9ance en\u00a0int\u00e9rieur\u00a0ou en\u00a0ext\u00e9rieur.<\/p><p>!!! Nu masculin sous conditions !!!<\/p><p>Pr\u00e9voir\u00a0une bonne heure le temps que tout le monde soit \u00e0 l&rsquo;aise!<\/p><p>Les forfaits sont<\/p><ul><li>150 euros pour environ 10 photos.<\/li><li>200 euros pour environ 20 photos.<\/li><\/ul><p>Elles seront toutes fournies en hautes et basses d\u00e9finitions. il y a toujours une version couleurs et une version noir et blanc pour chaque photo.<\/p>\t\t\t\t\t\t\t\t<\/div>\n\t\t\t\t<\/div>\n\t\t\t\t\t<\/div>\n\t\t<\/div>\n\t\t\t\t\t<\/div>\n\t\t<\/section>\n\t\t\t\t<section class=\"elementor-section elementor-top-section elementor-element elementor-element-ac80290 elementor-section-boxed elementor-section-height-default elementor-section-height-default\" data-id=\"ac80290\" data-element_type=\"section\" data-e-type=\"section\">\n\t\t\t\t\t\t<div class=\"elementor-container elementor-column-gap-default\">\n\t\t\t\t\t<div class=\"elementor-column elementor-col-50 elementor-top-column elementor-element elementor-element-e33cc68\" data-id=\"e33cc68\" data-element_type=\"column\" data-e-type=\"column\">\n\t\t\t<div class=\"elementor-widget-wrap elementor-element-populated\">\n\t\t\t\t\t\t<div class=\"elementor-element elementor-element-44f2016 elementor-widget elementor-widget-text-editor\" data-id=\"44f2016\" data-element_type=\"widget\" data-e-type=\"widget\" data-widget_type=\"text-editor.default\">\n\t\t\t\t<div class=\"elementor-widget-container\">\n\t\t\t\t\t\t\t\t\t<h4><span style=\"text-decoration: underline;\"><em><strong>S\u00e9ance&nbsp;<\/strong><\/em><\/span><b><i><span style=\"text-decoration: underline;\">poilus<\/span>&nbsp;<\/i><\/b><\/h4>\n<p>S\u00e9ance dans mon studio sur Lagu\u00e9pie uniquement.<\/p>\n<p>Conditions:<\/p>\n<ul>\n<li>Griffes coup\u00e9es avant la s\u00e9ance.<\/li>\n<li>Chat bross\u00e9 et v\u00e9rification d&rsquo;absence de parasites avant la s\u00e9ance.<\/li>\n<\/ul>\n<p>Les forfaits sont<\/p>\n<ul>\n<li>Premi\u00e8re photo offerte puis &nbsp;5 euros par photo.<\/li>\n<li>Forfait 50 euros pour environ 20 photos.<\/li>\n<\/ul>\n<p>Elles seront toutes fournies en hautes et basses d\u00e9finitions.<\/p>\t\t\t\t\t\t\t\t<\/div>\n\t\t\t\t<\/div>\n\t\t\t\t\t<\/div>\n\t\t<\/div>\n\t\t\t\t<div class=\"elementor-column elementor-col-50 elementor-top-column elementor-element elementor-element-40e87f9\" data-id=\"40e87f9\" data-element_type=\"column\" data-e-type=\"column\">\n\t\t\t<div class=\"elementor-widget-wrap elementor-element-populated\">\n\t\t\t\t\t\t<div class=\"elementor-element elementor-element-9bedfd4 elementor-widget elementor-widget-image\" data-id=\"9bedfd4\" data-element_type=\"widget\" data-e-type=\"widget\" data-widget_type=\"image.default\">\n\t\t\t\t<div class=\"elementor-widget-container\">\n\t\t\t\t\t\t\t\t\t\t\t\t\t\t\t<img loading=\"lazy\" decoding=\"async\" width=\"900\" height=\"600\" src=\"https:\/\/gwendolineh.com\/wp-content\/uploads\/2021\/04\/12052020-1C1A1272.jpg\" class=\"attachment-large size-large wp-image-195\" alt=\"\" srcset=\"https:\/\/gwendolineh.com\/wp-content\/uploads\/2021\/04\/12052020-1C1A1272.jpg 1000w, https:\/\/gwendolineh.com\/wp-content\/uploads\/2021\/04\/12052020-1C1A1272-300x200.jpg 300w, https:\/\/gwendolineh.com\/wp-content\/uploads\/2021\/04\/12052020-1C1A1272-768x512.jpg 768w, https:\/\/gwendolineh.com\/wp-content\/uploads\/2021\/04\/12052020-1C1A1272-963x642.jpg 963w\" sizes=\"(max-width: 900px) 100vw, 900px\" \/>\t\t\t\t\t\t\t\t\t\t\t\t\t\t\t<\/div>\n\t\t\t\t<\/div>\n\t\t\t\t\t<\/div>\n\t\t<\/div>\n\t\t\t\t\t<\/div>\n\t\t<\/section>\n\t\t\t\t<section class=\"elementor-section elementor-top-section elementor-element elementor-element-2c0b3be elementor-section-boxed elementor-section-height-default elementor-section-height-default\" data-id=\"2c0b3be\" data-element_type=\"section\" data-e-type=\"section\">\n\t\t\t\t\t\t<div class=\"elementor-container elementor-column-gap-default\">\n\t\t\t\t\t<div class=\"elementor-column elementor-col-100 elementor-top-column elementor-element elementor-element-56b5ae2\" data-id=\"56b5ae2\" data-element_type=\"column\" data-e-type=\"column\">\n\t\t\t<div class=\"elementor-widget-wrap elementor-element-populated\">\n\t\t\t\t\t\t<div class=\"elementor-element elementor-element-79d91f7 elementor-widget elementor-widget-text-editor\" data-id=\"79d91f7\" data-element_type=\"widget\" data-e-type=\"widget\" data-widget_type=\"text-editor.default\">\n\t\t\t\t<div class=\"elementor-widget-container\">\n\t\t\t\t\t\t\t\t\t<p>Le d\u00e9placement chez vous est dans la limite de 30 km autour de Lagu\u00e9pie (82250) ou \u00e0 rajouter au forfait (Prix \u00e0 n\u00e9gocier ensemble).<\/p>\t\t\t\t\t\t\t\t<\/div>\n\t\t\t\t<\/div>\n\t\t\t\t\t<\/div>\n\t\t<\/div>\n\t\t\t\t\t<\/div>\n\t\t<\/section>\n\t\t\t\t<\/div>\n\t\t","protected":false},"excerpt":{"rendered":"<p>S\u00e9ance nourrisson Je ne photographie pas en maternit\u00e9. Je pr\u00e9f\u00e8re attendre 2 semaines vois 1 mois apr\u00e8s le retour \u00e0 la maison. Je ne demande pas \u00e0 ce que l&rsquo;enfant ne mange pas 3 heures avant &#8230; que la temp\u00e9rature soit de 25 degr\u00e9s&#8230;. Je trouve que c&rsquo;est de la &#8230;<\/p>\n<p class=\"continue-reading-button\"> <a class=\"continue-reading-link\" href=\"https:\/\/gwendolineh.com\/index.php\/tarifs\/\">Continue reading<i class=\"crycon-right-dir\"><\/i><\/a><\/p>\n","protected":false},"author":2,"featured_media":0,"parent":0,"menu_order":0,"comment_status":"closed","ping_status":"closed","template":"","meta":{"footnotes":""},"class_list":["post-51","page","type-page","status-publish","hentry"],"_links":{"self":[{"href":"https:\/\/gwendolineh.com\/index.php\/wp-json\/wp\/v2\/pages\/51","targetHints":{"allow":["GET"]}}],"collection":[{"href":"https:\/\/gwendolineh.com\/index.php\/wp-json\/wp\/v2\/pages"}],"about":[{"href":"https:\/\/gwendolineh.com\/index.php\/wp-json\/wp\/v2\/types\/page"}],"author":[{"embeddable":true,"href":"https:\/\/gwendolineh.com\/index.php\/wp-json\/wp\/v2\/users\/2"}],"replies":[{"embeddable":true,"href":"https:\/\/gwendolineh.com\/index.php\/wp-json\/wp\/v2\/comments?post=51"}],"version-history":[{"count":74,"href":"https:\/\/gwendolineh.com\/index.php\/wp-json\/wp\/v2\/pages\/51\/revisions"}],"predecessor-version":[{"id":250,"href":"https:\/\/gwendolineh.com\/index.php\/wp-json\/wp\/v2\/pages\/51\/revisions\/250"}],"wp:attachment":[{"href":"https:\/\/gwendolineh.com\/index.php\/wp-json\/wp\/v2\/media?parent=51"}],"curies":[{"name":"wp","href":"https:\/\/api.w.org\/{rel}","templated":true}]}}